he hundreds digit of t?
1
Suppose -2*b = -0 - 10. Suppose b*y = -5 - 0. Let t = 5 + y. What is the units digit of t?
4
Let f(y) = -14*y**3 - y**2 - y - 1. Let l be f(-1). Suppose 5*c = 2*v - 26, 5*c - l - 13 = -2*v. What is the tens digit of v?
1
Let h = 298 - 211. What is the units digit of h?
7
Let f(i) be the third derivative of -i**4/24 - i**3/3 + i**2. Let x be f(-2). Suppose x = 4*a - 4 - 32. What is the units digit of a?
9
Suppose 21 = 2*z - 3. Let h = z + -10. What is the units digit of h?
2
Let v be ((-2)/5)/(4/(-20)). Suppose -s + 27 = 2*m, 100 = 5*s + v*m + m. What is the units digit of s?
7
Let p be 96/6*6/(-4). What is the units digit of -132*2*4/p?
4
Suppose 0*m - 20 = 5*m. Let d = m + 8. What is the units digit of d?
4
Let m(y) = 4*y**2 + y - 1. Let z = -7 - -5. What is the tens digit of m(z)?
1
Suppose 3*a - 3*h = -2*h + 37, 2*h + 41 = 3*a. Let k = a + -8. What is the units digit of -2 + k - -1*5?
6
Suppose -2*y + 8 = 2*y. What is the units digit of 20/2 - (y + 1)?
7
Suppose 0 = -6*z + z. Suppose d + 1 = -z*d. What is the units digit of 2/(d/((-9)/6))?
3
Let q = 16 - 7. Suppose 0 = -v - q - 0. Let c = 19 + v. What is the tens digit of c?
1
Suppose -3*n = -2*f - 2 + 4, -4*f - n + 32 = 0. Let x = 11 - f. What is the units digit of x?
4
Let d = 2 - -16. Let y = -17 + 16. What is the units digit of (-1 - 2) + d + y?
4
Let y be (-1)/3 + 16/3. Suppose 0 = -0*a + y*a - 20. What is the units digit of a?
4
Let w(s) = -s - 9. Let q be w(-8). Let c(n) = 21*n**2 - 1. What is the tens digit of c(q)?
2
Suppose -48 = 2*a + 4*t, -4*a + t + 21 = 81. Suppose -43 = 5*s + j, s + 0*s - 2*j + 13 = 0. Let g = s - a. What is the units digit of g?
7
Let o = 31 + -13. Suppose -x + 3*t = -o, t + 8 = 5*x - 12. What is the units digit of x?
3
What is the units digit of 1 - (-35 + -3 - -4)?
5
Suppose 4*l - 5*l + 5 = 0. Suppose l = 2*i - 59. What is the units digit of i?
2
Suppose 4*v + 0*v - 707 = -3*p, 0 = 3*v + 3*p - 534. What is the units digit of v?
3
Suppose 55*l - 465 = 50*l. What is the units digit of l?
3
Let j = 15 + -12. What is the units digit of j?
3
Let l(c) = c**3 + 5*c**2 + 3*c. Let y be ((-8)/(-6))/((-10)/(-285)). Let t be 4/18 + y/(-9). What is the units digit of l(t)?
4
Let h(w) = w**3 + 8*w**2 + 4*w - 3. Let j be h(-7). Suppose 16 = 2*b - j. What is the units digit of b?
7
What is the units digit of 2*(20/8 + 1)?
7
Suppose -q + 3*q + 18 = 4*y, 5*y = q + 18. Suppose z - 48 = -y*z. What is the units digit of z?
2
Let q(z) = 7*z + 14. Let x be q(12). Suppose 0 = -5*y - 18 + x. What is the tens digit of y?
1
Suppose 0 = -p - 5*b + 14, -b + 18 = 2*p + 4*b. What is the units digit of p?
4
Let s(y) = -y**3 - 3*y**2 + 5*y + 6. Let i be s(-4). Suppose 4*q - 64 = i*u, -61 = -5*q - 3*u + 19. What is the tens digit of q?
1
Suppose 7 = -o - 7. Let c = 20 - o. Suppose 4*g = -5*d - 0 + 49, -2*g - c = -4*d. What is the units digit of d?
9
Suppose -11 - 5 = -2*n. Let f be 0/((-1 + 0)*-1). Suppose f = 2*a - 3*m - n, -3*a + 13 = 5*m + 1. What is the units digit of a?
4
Suppose 4*v - 8 = 5*v + 2*g, -v - g = 3. Suppose t - 15 = -d - 3, -v*d = -t + 6. What is the tens digit of t?
1
Suppose 3*i - 5*b + 5 = 0, -i + 5*b - 2 - 3 = 0. What is the tens digit of -17*(1 - 2) + i?
1
Let b(a) = -a**2 + 6*a + 9. Let s be b(7). What is the units digit of (s*-1)/((-2)/3)?
3
Suppose 2*j = -6 + 2. Suppose 5*c + 8 + 7 = 0. What is the units digit of j/3*2*c?
4
Let i be ((-3)/6)/(2/(-12)). Suppose q = -q - 5*r + 79, -131 = -i*q - 5*r. Suppose 2*m - 6*m = -q. What is the units digit of m?
3
Let l(b) = -25*b**2 + b + 1. Let d be l(-1). What is the units digit of ((-30)/d)/(2/15)?
9
Suppose -5*d - 641 = -3*p, -2*p = 2*p + 3*d - 845. What is the tens digit of p?
1
Let j(d) = d**3 + 9*d**2 + 4*d + 3. What is the tens digit of j(-8)?
3
Let q = 47 - 29. Let j(t) = -9*t - 7. Let d be j(-5). Let f = d - q. What is the tens digit of f?
2
Let t = -93 + 135. What is the tens digit of t?
4
Suppose -2*d = -0*d - 12. Let p = d - -16. What is the units digit of p?
2
Let h(m) = m + 4. Let j be h(-4). Let t = j + 4. What is the units digit of t?
4
Let k(j) = -j**3 - 3*j**2 - j - 2. Let s be k(-3). Let r = s + 0. What is the units digit of r?
1
Suppose 3*l + 49 = -0*t + 2*t, 2*l = -6. What is the tens digit of t?
2
Let b(i) be the first derivative of -i**4/4 + 4*i**3/3 - 2*i**2 + 2*i - 3. What is the units digit of b(2)?
2
Suppose -4*z + 21 + 3 = 4*l, 0 = 4*z + l - 15. Suppose -n + 12 = z*n. What is the units digit of n?
3
Let n be (1 + -3)/((-2)/(-8)). Let c be (-2)/n + 18/(-8). Let j(q) = -2*q**3 - 4*q**2 - 3*q. What is the units digit of j(c)?
6
Let u = 32 - -102. What is the tens digit of u?
3
Let a(z) = -z**3 - z**2 + 4. Let k be 8/20 - 22/5. What is the tens digit of a(k)?
5
Suppose 4*l + 52 = -56. Let m = l + 46. What is the tens digit of m?
1
Suppose 0 = 4*p - p - 93. Let b = p - 18. What is the tens digit of b?
1
Suppose -w + 1141 = 6*w. What is the units digit of w?
3
Let h(r) = r + 1. Let b(j) = -j. Let u(g) = -6*b(g) - 5*h(g). Let l be u(5). Suppose -2*i + 20 + 16 = l. What is the tens digit of i?
1
Let h = -48 - -30. What is the tens digit of (-4)/h + 1272/108?
1
Let x(r) = -6*r**3 + 2*r**2 + 2*r + 1. Suppose -5*o + 0*y + 40 = -5*y, -21 = -2*o + 3*y. Suppose 4*k = -1 - o. What is the units digit of x(k)?
7
What is the tens digit of 16/6*18/4?
1
Let d = 8 - 2. Suppose n - 6 = -m, 3*n - d = -0. Suppose 2*o = -o + m*r - 2, 2*r + 2 = 2*o. What is the units digit of o?
6
Let p be (-9)/(-6)*14*1. Let j = p - 9. What is the units digit of j?
2
Let x(n) = 4*n - 8. Let f be (-4)/(-3)*6 - -1. What is the tens digit of x(f)?
2
Suppose 2*t - 35 = -3*t - 5*x, 0 = -4*t + 3*x. Suppose 27 = 3*a - t*c, 2 = -a + 5*c - 9. What is the tens digit of a?
1
Let j(l) = l**3 - 5 - l**3 - l**2 + l**3 + 14 + l. Let p be j(0). Suppose 3*q - 8 - 13 = 3*z, -2*q + 3*z + p = 0. What is the units digit of q?
2
Let t = -12 + 6. What is the units digit of (t/(-2))/(39/104)?
8
Let t = 13 + -7. What is the units digit of t?
6
Suppose 12*v - 204 = 10*v. What is the tens digit of v?
0
Let w(y) = y**2 + 16 - 2*y - 16. What is the units digit of w(3)?
3
Let c(t) be the third derivative of t**6/120 + 3*t**5/20 - 3*t**4/8 - t**3/6 - 2*t**2. Let g be c(-10). What is the units digit of 4 - g - (0 + 0)?
5
Let f(a) = a - 4. Let k be f(6). Suppose -2*u + 8 = k. What is the units digit of u?
3
What is the units digit of (-582)/(-4) - (-2)/4?
6
What is the tens digit of -43*(-4)/(-8)*-2?
4
Suppose -5*a + v = -0*v - 83, 95 = 5*a - 5*v. What is the tens digit of a?
1
Let q(x) = 4 + 5*x**2 - 5*x**2 + x**2 - 7*x. Let a be q(5). What is the units digit of 9/a*-2*1?
3
Let y(z) = -z**2 - z + 8. Let a be y(0). Suppose -5*x + a + 7 = 0. Suppose -s + 8 = -x. What is the units digit of s?
1
Suppose -5*c = 4*h - 3*c - 328, -5*c + 82 = h. What is the units digit of h?
2
Suppose -5*d - 4*c + 23 + 64 = 0, c + 57 = 4*d. Suppose -d = -2*r + 11. What is the units digit of r?
3
Let m(c) = 3*c**3 + c + 2. Let z(p) = 2*p**3 + 2*p + 2. Let i(a) = -3*m(a) + 4*z(a). What is the tens digit of i(-3)?
1
Let f(a) = -12*a - 1. Let c(j) = j. Let g(w) = 6*c(w) - f(w). What is the units digit of g(3)?
5
Let c(d) = -d**2 - 3*d. Let h(s) = -s. Let x be h(3). Let n be c(x). Let f = n + 4. What is the units digit of f?
4
Let s = 2 + 3. Let t = 6 - s. What is the units digit of t?
1
Suppose 0 = 4*n - 7*k + 3*k - 176, -5*k = -4*n + 178. Suppose 0 = -3*g + 21 + n. What is the tens digit of g?
2
Suppose -4*x = -11*x + 301. What is the tens digit of x?
4
Let c = 22 + -7. Let m be c/6*8/10. Suppose -3*k + 20 = m*k. What is the units digit of k?
4
Suppose 0 = -q + 4*b + 8 + 7, q - 3*b - 14 = 0. Let j(a) = 3*a**3 + 11*a**2 + 0 - 9 - 4*a**3 + 2*a. What is the units digit of j(q)?
3
Let r(v) = -10*v - 2. Let o be r(-3). Let u = o - 19. What is the units digit of u?
9
Let b be ((-2)/5)/((-2)/10). Suppose -4*z = g - 15, -1 = b*g + 9. What is the units digit of z?
5
Suppose -2*m + 21 + 5 = 0. Suppose 36 - m = h. Let i = h - 16. What is the units digit of i?
7
Let t(x) be the first derivative of 2*x**2 + x - 1. Let a(w) = w**2 + 3*w + 1. Let z be a(-3). What is the units digit of t(z)?
5
Suppose 6 = 4*w - 2. Let t be 2 + (0/(-1))/w. What is the tens digit of (t/(-6))/(3/(-90))